061?
True
Is 9 a factor of 18?
True
Does 167 divide 46052?
False
Does 28 divide 3865?
False
Does 3 divide 38?
False
Is 36 a factor of 1584?
True
Is 2564 a multiple of 11?
False
Does 14 divide 5398?
False
Is 12538 a multiple of 301?
False
Is 276 a factor of 71760?
True
Is 171 a factor of 4070?
False
Does 33 divide 38095?
False
Is 295 a factor of 64756?
False
Does 126 divide 1294?
False
Does 7 divide 7534?
False
Does 114 divide 19291?
False
Is 526 a multiple of 52?
False
Is 8 a factor of 25452?
False
Is 1989 a multiple of 14?
False
Is 72 a factor of 5820?
False
Is 823 a multiple of 23?
False
Is 42 a multiple of 42?
True
Is 7272 a multiple of 4?
True
Is 63 a factor of 62181?
True
Is 61 a factor of 81740?
True
Is 75 a factor of 63900?
True
Does 33 divide 142?
False
Does 21 divide 1050?
True
Does 14 divide 4382?
True
Is 9 a factor of 565?
False
Is 101028 a multiple of 12?
True
Is 1586 a multiple of 46?
False
Does 10 divide 920?
True
Is 9394 a multiple of 55?
False
Does 22 divide 1386?
True
Is 402 a factor of 9903?
False
Is 44 a factor of 3421?
False
Does 16 divide 7568?
True
Does 145 divide 10908?
False
Does 14 divide 210?
True
Does 13 divide 11366?
False
Is 539 a multiple of 77?
True
Is 67 a factor of 1039?
False
Does 2 divide 2781?
False
Is 51106 a multiple of 60?
False
Is 27510 a multiple of 105?
True
Is 34578 a multiple of 18?
True
Is 644 a multiple of 14?
True
Does 5 divide 5197?
False
Does 9 divide 10734?
False
Is 25 a factor of 7757?
False
Is 7150 a multiple of 110?
True
Does 39 divide 4016?
False
Does 48 divide 4272?
True
Does 41 divide 9225?
True
Does 4 divide 13359?
False
Is 8781 a multiple of 9?
False
Is 8 a factor of 1488?
True
Is 11 a factor of 451?
True
Is 3 a factor of 6489?
True
Is 17690 a multiple of 58?
True
Does 42 divide 136?
False
Does 12 divide 765?
False
Does 219 divide 14016?
True
Is 11041 a multiple of 61?
True
Is 11760 a multiple of 6?
True
Is 1619 a multiple of 89?
False
Does 8 divide 885?
False
Is 509 a multiple of 80?
False
Is 63 a factor of 1575?
True
Does 399 divide 2793?
True
Is 370 a multiple of 10?
True
Is 11881 a multiple of 35?
False
Does 33 divide 17756?
False
Is 192 a factor of 85875?
False
Does 19 divide 245?
False
Does 5 divide 13460?
True
Is 15 a factor of 1200?
True
Does 43 divide 6315?
False
Is 54 a factor of 2484?
True
Is 78 a factor of 821?
False
Is 315 a multiple of 4?
False
Is 50 a factor of 1529?
False
Is 31 a factor of 155?
True
Does 6 divide 3803?
False
Does 186 divide 35340?
True
Does 136 divide 14340?
False
Does 9 divide 1746?
True
Does 114 divide 18924?
True
Is 522 a multiple of 18?
True
Does 60 divide 163?
False
Is 48 a factor of 1128?
False
Does 2 divide 7029?
False
Is 11245 a multiple of 13?
True
Does 71 divide 25844?
True
Is 11 a factor of 118?
False
Is 2016 a multiple of 48?
True
Is 1990 a multiple of 10?
True
Is 2 a factor of 209?
False
Does 12 divide 12982?
False
Is 37 a factor of 518?
True
Is 15 a factor of 46908?
False
Is 50 a factor of 876?
False
Is 1873 a multiple of 15?
False
Is 11 a factor of 2068?
True
Is 858 a multiple of 39?
True
Does 24 divide 11544?
True
Is 93 a factor of 5512?
False
Does 101 divide 87365?
True
Is 3072 a multiple of 16?
True
Is 53 a factor of 90?
False
Is 133 a factor of 9011?
False
Does 15 divide 825?
True
Is 7 a factor of 2478?
True
Does 24 divide 34368?
True
Does 9 divide 4797?
True
Does 26 divide 1346?
False
Is 793 a multiple of 51?
False
Does 63 divide 33012?
True
Is 3491 a multiple of 4?
False
Does 5 divide 52?
False
Does 27 divide 26352?
True
Does 8 divide 2280?
True
Is 1009 a multiple of 10?
False
Does 3 divide 16?
False
Is 102 a factor of 257?
False
Is 396 a multiple of 18?
True
Is 18665 a multiple of 61?
False
Is 976 a multiple of 40?
False
Is 67 a factor of 7035?
True
Is 564 a multiple of 27?
False
Does 34 divide 2680?
False
Does 238 divide 19992?
True
Is 7 a factor of 1370?
False
Does 24 divide 1085?
False
Is 21 a factor of 215?
False
Does 297 divide 24951?
False
Is 11 a factor of 349?
False
Is 8 a factor of 3865?
False
Is 86 a factor of 2064?
True
Does 18 divide 252?
True
Is 1377 a multiple of 27?
True
Is 9 a factor of 164?
False
Is 8 a factor of 312?
True
Is 88 a factor of 16835?
False
Is 3 a factor of 21298?
False
Is 12 a factor of 60882?
False
Is 25 a factor of 277?
False
Does 2 divide 63?
False
Is 267 a multiple of 12?
False
Is 2169 a multiple of 8?
False
Is 12 a factor of 756?
True
Is 12 a factor of 7872?
True
Is 429 a multiple of 11?
True
Does 104 divide 1872?
True
Does 14 divide 482?
False
Is 25 a factor of 4312?
False
Is 743 a multiple of 3?
False
Does 403 divide 75041?
False
Does 32 divide 645?
False
Does 62 divide 353?
False
Is 19 a factor of 15542?
True
Does 4 divide 6696?
True
Is 10 a factor of 5366?
False
Does 35 divide 700?
True
Does 20 divide 942?
False
Is 14476 a multiple of 22?
True
Does 73 divide 2603?
False
Does 19 divide 209?
True
Is 40 a factor of 4640?
True
Does 43 divide 1423?
False
Is 39045 a multiple of 4?
False
Is 9 a factor of 999?
True
Does 18 divide 144?
True
Is 59 a factor of 2585?
False
Is 835 a multiple of 40?
False
Does 34 divide 510?
True
Is 2948 a multiple of 2?
True
Is 11 a factor of 5060?
True
Is 1314 a multiple of 9?
True
Is 1291 a multiple of 159?
False
Is 13650 a multiple of 195?
True
Does 10 divide 688?
False
Does 42 divide 17051?
False
Is 34 a factor of 9097?
False
Is 168 a factor of 40320?
True
Is 81 a factor of 10854?
True
Is 70 a factor of 35070?
True
Is 22 a factor of 22353?
False
Is 37 a factor of 6253?
True
Does 44 divide 7912?
False
Is 15 a factor of 5720?
False
Is 21 a factor of 273?
True
Does 29 divide 50402?
True
Is 4 a factor of 9715?
False
Is 607 a multiple of 14?
False
Is 8771 a multiple of 20?
False
Is 12 a factor of 2964?
True
Does 10 divide 92401?
False
Does 11 divide 18359?
True
Is 65 a factor of 650?
True
Does 5 divide 280?
True
Does 8 divide 128?
True
Does 96 divide 57894?
False
Is 1713 a multiple of 5?
False
Is 9 a factor of 16353?
True
Is 23 a factor of 2793?
False
Is 98 a factor of 15484?
True
Is 24574 a multiple of 12?
False
Is 107 a multiple of 2?
False
Is 66 a factor of 24090?
True
Does 13 divide 13?
True
Does 22 divide 835?
False
Is 61 a factor of 24257?
False
Is 1869 a multiple of 131?
False
Does 13 divide 419?
False
Does 6 divide 5010?
True
Does 16 divide 4744?
False
Does 11 divide 4147?
True
Does 23 divide 3130?
False
Is 109 a factor of 70657?
False
Is 856 a multiple of 10?
False
Is 28 a factor of 616?
True
Does 83 divide 249?
True
Does 224 divide 16128?
True
Does 16 divide 928?
True
Does 21 divide 105?
True
Does 166 divide 18523?
False
Does 17 divide 23392?
True
Is 868 a multiple of 14?
True
Is 10290 a multiple of 5?
True
Is 1464 a multiple of 4?
True
Is 7 a factor of 1232?
True
Is 428 a multiple of 4?
True
Is 16 a factor of 2672?
True
Is 107 a factor of 64950?
False
Is 16 a factor of 2714?
False
Is 46827 a multiple of 99?
True
Is 20 a factor of 3834?
False
Is 3319 a multiple of 72?
False
Is 66648 a multiple of 76?
False
Is 258 a multiple of 86?
True
Does 4 divide 1333?
False
Does 3 divide 60?
True
Does 10 divide 10270?
True
Is 256 a multiple of 8?
True
Does 41 divide 9881?
True
Is 451 a multiple of 8?
False
Is 59 a factor of 1174?
False
Does 78 divide 1074?
False
Does 14 divide 784?
True
Is 3780 a multiple of 70?
True
Does 132 divide 3189?
False
Is 26 a factor of 3016?
True
Does 166 divide 50298?
True
Is 3 a factor of 411?
True
Is 4 a factor of 724?
True
Is 31586 a multiple of 46?
False
Is 1234 a multiple of 16?
False
Does 7 divide 30044?
True
Does 8 divide 77?
False
Is 21235 a multiple of 24?
False
Does 4 divide 60?
True
Is 4 a factor of 110?
False
Is 43 a factor of 1105?
False
Does 60 divide 5640?
True
Does 20 divide 30541?
False
Is 10 a factor of 4730?
True
Is 11581 a multiple of 82?
False
Is 55 a factor of 9405?
True
Is 19 a factor of 25916?
True
Is 324 a multiple of 2?
True
Is 52 a factor of 7332?
True
Is 5383 a multiple of 3?
False
Is 18 a factor of 15485?
False
Is 66 a factor of 445?
False
Is 8 a factor of 231?
False
Does 14 divide 5194?
True
Does 6 divide 87?
False
Is 222 a factor of 43512?
True
Is 38 a factor of 18957?
False
Does 263 divide 29731?
False
Is 368 a multiple of 89?
False
Is 20 a factor of 7960?
True
Is 7 a factor of 949?
False
Is 84 a factor of 10248?